aluate (14 + -10 - -1) + -11 - (1 - 20).
13
What is -36 + 3 + 30 + 13?
10
What is -10 + 4 + -8 + 5 + 5?
-4
Evaluate -4 + 19 + 29 + -21.
23
What is the value of (-5 + (-5 - 0) - -8) + 11?
9
What is the value of (1 - (0 + 10)) + 13 + 5?
9
Calculate 24 + -1 + -8 + -5 + 2 + 3.
15
What is -4 + (-3 - -9) + -16?
-14
Calculate 0 + 19 + (15 - (24 - 6 - 4)).
20
Evaluate 2 + 16 + -3 + -18.
-3
What is the value of 11 + 0 - (5 + -11 + 0 + 10)?
7
Calculate (-3 - (-20 - -7)) + -10 + 10.
10
Evaluate -14 - ((-4 - (6 + -2)) + 7).
-13
Calculate 2 + (5 - -29 - 21).
15
Evaluate -8 + 11 - (0 + 3 + 4).
-4
Evaluate -4 + (-4 - (25 - 18)) + (-6 - -6).
-15
What is -8 + (14 - 9) + -2 + -1?
-6
Calculate (-15 - -21) + (-2 - 9) - 0 - -1.
-4
-4 + (-2 - (-5 + -1) - (-10 + -7))
17
Evaluate -43 - (-3 + -27) - (0 - (7 + 0)).
-6
Calculate (5 - -11) + -1 - 23 - -7.
-1
Evaluate 7 + (-10 + -9 - -7).
-5
Evaluate (-5 - 1) + -4 + (1 - -1).
-8
What is the value of (0 - -5 - (-8 - -19)) + 9?
3
Calculate -30 + (1 - -10) + -2 - -10.
-11
Calculate -5 + -1 - -3 - 2.
-5
-7 - (-7 + 17 + -9)
-8
What is the value of -4 - -1 - (-9 + 15 + -12)?
3
Calculate -29 - (-9 + (31 - 10) - 23) - 7.
-25
Evaluate (-6 - -4 - -11) + (1 - 5) - -17.
22
Calculate 44 + -14 + -7 - (11 + -5).
17
What is 4 - 6 - -6 - 5 - 2?
-3
Calculate -26 - (8 + -13 + 15 - 12).
-24
What is 1 + 0 + (-4 + 0 - -1 - -3)?
1
0 + -12 + 4 + 0
-8
What is the value of -37 + 3 + (-22 - -41)?
-15
What is (-31 - -6 - 1) + -3 + 4?
-25
What is the value of -4 - -1 - (1 - -9 - (34 - 23))?
-2
What is the value of 2 - -3 - (-5 - (34 - 15 - 19))?
10
0 + -2 + -2 + -5 + 4 - 3
-8
1 + (4 - -1) + -8 + (-2 - -2)
-2
What is the value of 65 + -51 + (2 - 15) - (-1 + -2)?
4
What is the value of 1 - -7 - (-43 + 55) - (-1 + -4)?
1
What is the value of -7 + 2 + -2 - (-3 - -7)?
-11
Calculate -17 + 7 + 13 + -4 + (-1 - 2).
-4
What is (7 - (-9 - -2)) + -23?
-9
What is -407 + 393 - (1 - -2)?
-17
What is the value of (54 - 7) + -17 + -63?
-33
Calculate (-41 - -65) + 1 - (7 - (-1 + 1)).
18
What is the value of 2 + (-7 - -1) + 9 + 6 + 0?
11
Calculate -2 - (8 - 10 - (-1 + -1 + 0)).
-2
-2 - 27 - (223 + -228)
-24
What is the value of 0 + (3 - -1) - ((-5 - 7) + 27)?
-11
Calculate -2 + -9 + 4 + (43 - 61).
-25
What is the value of 13 + -22 - (13 - 13)?
-9
What is the value of (-6 - -2) + (-14 - (4 + -1 + -6))?
-15
What is -43 - (29 + (26 - 83))?
-15
Evaluate 49 - 25 - 53 - -11.
-18
Evaluate 30 + -53 - (-9 + 25).
-39
What is the value of 4 + (0 - 1) - 0 - (186 - 188)?
5
What is the value of 16 - (33 + 11 + -5 + -9)?
-14
What is the value of -1 + (-3 - -8) - (43 + 5 + -24)?
-20
(23 - (26 + -10)) + -1 + 9 - -4
19
(-2 - 1 - -3) + (-13 - -3) + 17
7
11 + 4 - (7 - -6) - (0 + -9)
11
Calculate 26 + -4 + -9 + (6 - 12 - -6).
13
What is the value of -116 - -123 - (-5 + 3 - (-2 - -8))?
15
Evaluate (0 - -6 - 2) + -21 + 0 + 19.
2
What is the value of 4 - (2 + -35 + 30)?
7
-1 - (9 + 2) - (8 + -25 + 9)
-4
What is -887 + 910 - (-2 + 1)?
24
8 + 6 + 5 + (-18 - -6) + 3
10
What is the value of 1 + -3 + 97 + -76?
19
What is the value of (-1 - -1 - -13) + -16 + (-7 - -19)?
9
29 + 11 + 11 + -1 + -28
22
16 - (16 + 2) - -7
5
What is -62 + (41 - (-31 + 32))?
-22
(23 - 22) + 5 - -28
34
-31 + (-27 + 45 - -21)
8
(-37 - -30) + ((-4 - -2) + -2 - -19)
8
Calculate 0 + 5 - ((-12 - 16) + 17).
16
Evaluate -3 + 4 + -8 + 9 - (4 + -3).
1
Calculate 71 + -58 + (-13 - 0) - (-2 - 3).
5
What is (-5 - 0) + -159 + 158?
-6
Evaluate 6 - (6 - 6) - (-3 + 0 - -7).
2
What is 0 + -3 + -9 - (-6 - -5 - 1)?
-10
What is the value of -8 - (-9 + (-17 - -11))?
7
What is the value of -9 + (-7 - -10) + 5 - (1 + 5)?
-7
(-29 - (1 + 0 + (17 - 26))) + -2
-23
Calculate (-2 - -5 - 5) + 0 + (5 - -9).
12
What is the value of (-27 - 0) + (69 - 43 - 13)?
-14
Evaluate 1 + -5 + 6 + (6 + -6 - -6).
8
10 + (-1 - -4) + 7
20
Evaluate (-162 - -153) + 27 + (1 - 3 - 0).
16
(9 - (23 - 13 - 7)) + (-1 - 18)
-13
What is the value of 3 + -5 + 5 - (5 + (0 - -11))?
-13
What is (24 - 15) + -2 + -29?
-22
What is the value of -2 - (5 + (-12 - -2) - 1) - -1?
5
What is the value of -61 + 53 - (-4 - -1)?
-5
What is the value of -14 + (17 - 6 - -4) - (0 - 16)?
17
What is the value of 7 + 6 - 17 - (1 + (0 - 3))?
-2
What is 16 + (5 - 5) + -1 + 3 + -4?
14
What is the value of -3 + 0 + -10 + 3?
-10
What is 11 - ((-6 - (3 + -1 + 10)) + -6)?
35
Calculate 16 - ((19 - 17) + 25) - (-9 - 2).
0
What is (55 - 70) + -2 + 11?
-6
What is the value of -33 + 40 + (1 - 12)?
-4
What is -28 + (60 - (-9 - -48))?
-7
Evaluate 78 + -84 - (-4 - 1) - 11.
-12
What is (-22 - -7 - 1) + 36 + -35?
-15
Evaluate (-14 - (-9 + -9)) + 20.
24
Evaluate 4 + -21 + 19 + -20.
-18
What is the value of -13 + (-6 - (-47 - -48 - (-1 + -1)))?
-22
What is the value of 0 - -36 - (-8 + -11 - -26)?
29
What is 2 + 2 - (-15 + (-8 - -21))?
6
-5 + (-4 + 1 - (24 - 25)) + 5
-2
Evaluate -2 + (13 + 0 - (-24 - -32)) - -5.
8
2 - (-15 + (-34 - -24))
27
Evaluate -9 + 24 + -19 - (-7 + -3).
6
What is the value of 8 + (4 + 3 - (12 + -4))?
7
-3 + -2 + (-8 - -11) + 11
9
What is -18 + 0 + (-1 + 15 + -17 - 4)?
-25
What is the value of -20 + (-13 + 9 - -20) - (-43 - 0)?
39
Evaluate 8 - (-15 - -20) - -7 - -11.
21
452 + -434 + -2 + -30
-14
-34 + 2 + (-511 - -543)
0
What is the value of (21 - 20) + 1 + -2 + (0 - -1)?
1
Calculate -4 + 4 + (11 - (8 - 9)).
12
Evaluate (-7 - (-3 + 3)) + 14 + -12 + -5.
-10
-3 + 40 - (-146 - -186)
-3
What is the value of -28 + 5 - (-152 - -120)?
9
What is the value of -18 + 16 - (-14 - (5 + -2 + 1))?
16
What is -7 + 3 + (8 - 17) + 5 - 2?
-10
Evaluate -5 + 3 + -10 + 28 + (3 - 1).
18
Calculate -9 + (1 - 4 - (-76 + 68)).
-4
Calculate -13 + -4 + (1 - -6).
-10
Evaluate -13 + 3 - (1 + -19).
8
What is (-12 + 16 - 9) + -4 + (3 - 0)?
-6
What is the value of -13 + -3 + 22 + -46?
-40
Calculate -30 - (-32 + 20 + -2).
-16
What is the value of (-2 - 2) + 7 + (1 - -1) - -7?
12
Evaluate 326 + -343 - (-34 + 0).
17
Evaluate -38 + 12 - (-10 + 6).
-22
Calculate -3 + 2 + (42 + -70 - -44).
15
Calculate 4 + -4 - (-10 - -7 - 7).
10
What is the value of -5 - (-6 + (-20 - -14))?
7
Evaluate -13 - -29 - 9 - (5 - 3).
5
Calculate -6 + 0 - (-7 - (-5 + -1)).
-5
Calculate -3 + 7 - (-148 + 148).
4
Calculate 5 + (1 - (-1 - 1 - (-43 - -22))).
-13
What is 0 + 2 + (4 - (3 + 12)) + 42?
33
Calculate 4 + -12 + -12 + 24 - (-8 - -1).
11
What is (-4 + (-13 - -19) - -5) + 34 + -6?
35
What is -6 - (3 - (12 + -4)) - (9 + 0)?
-10
Evaluate -1 + 3 - 5 - (5 - -2).
-10
What is the value of -11 - -29 - -5 - 20?
3
(0 + (-14 - -6) - 1) + 0 + -9
-18
Evaluate (0 - -5) + (-32 - -27) - (4 + -5).
1
What is the value of (-1 - 1) + (11 - -1) - (-1037 + 1032)?
15
Calculate 2 + 1 - -2 - (-108 + 107).
6
-10 + -3 + (13 - 0)
0
Evaluate -3 + 3 + 2 + -3 + -320 + 327.
6
(10 - (-2 + 7)) + 2 + -7 + 2
2
What is the value of (390 - 397) + -14 + 0 + -2?
-23
Calculate (-4 - -2 - 5) + (-13 - -15) + -9.
-14
(-38 - -22) + 18 - -21
23
What is (-5 - (-6 - -5)) + (2 - (6 - 10))?
2
-1 + 3 - (-23 + 18) - 25 - -2
-16
9 + (1 - 5 - -11 - 9)
7
What is the value of -10 + (-1 - -1) - (-12 + (30 - 19))?
-9
What is the value of -3 + 3 + 3 + 21 + -25?
-1
What is the value of 14 + 24 + -69 + 18?
-13
What is (-8 - -1) + (19 - (11 + 12))?
-11
What is the value of -23 + (19 - 14) - -9?
-9
What is the value of 23 + -44 + 25 - 7?
-3
What is 4 + -10 + 0 + 6 + 5 - -8?
13
Evaluate -2 + 11 + (0 - -5 - (13 - 3)).
4
What is -2 - (-1 - (1 + -1))?
-1
Evaluate (17 - (1 - 4)) + -12.
8
13 - (5 - 0) - (6 - (-10 + 9))
1
What is -2 + -13 + 0 - (-11 + -61 + 72)?
-15
What is 8 - 4 - 1 - 1 - -10?
12
Evaluate -4 + 1 - (9 - ((18 - 9) + 6)).
3
(5 - (5 + -7)) + -70 + 59
-4
What is -9 - (2 + 1 - (4 - 12 - -10))?
-10
What is -4 + 12 + -6 + 3 + -18 + 1?
-12
What is the value of -2 - -1 - (10 + -4 + 5)?
-12
What is 6 + (1 + -24 - (-28 - -21))?
-10
Calculate -7 - -7 - 12 - (-4 + -3).
-5
(22 - ((0 - -6) + -3)) + 0 + -2
17
What is the value of (-3 - (-61 - -33)) + (0 - 8 - -1)?
18
Evaluate 196 + -204 - (-6 - (2 + -2 + 0)).
-2
Evaluate -6 + (-3 - (0 + -3)) + 0 + -11.
-17
What is the value of (5 - (6 - (5 - 3)) - 3) + 2?
0
Calculate (-29 - -66) + -6 - 27.
4
What is (6 - 0) + (80 - 92)?
-6
Evaluate 4 - 0 - (-38 + 33).
9
What is the value of 13 - 4 - (5 + -2 + -8 + 3)?
11
Evaluate 11 - (-2 - -11) - (0 + 5) - -13.
10
Calculate 13 - (-21 - (-34